emainder when y(i) is divided by 20?
16
Suppose -3*p - 3 = -6. Suppose -p = n, 3*h + 5*n + 3 = 67. What is the remainder when h is divided by (-1 + 4)*(-8)/(-3)?
7
Let u be ((-12)/(-14))/((-60)/(-280)). Let h = -1 - -4. What is the remainder when (-517)/(-99) - u/18 is divided by h?
2
Let z = 110 + 27. Let l = 4075 - 4061. What is the remainder when z is divided by l?
11
Suppose 2*j + d - 9 = -4, 2*d + 6 = 0. Suppose -2*f + 1 = -25. Calculate the remainder when f is divided by j.
1
Calculate the remainder when 55 is divided by -3 - 50/(-15) - (-20)/3.
6
Let u(o) = o**2 - 9*o + 5. Let i be u(8). Let s be -21*i/9*-10. Calculate the remainder when 27 is divided by s/4*(-56)/70.
13
Let q = -5 - -9. Let r = 6 - -114. Suppose r = g + q*g. What is the remainder when g is divided by 13?
11
Let o = -46 + 57. What is the remainder when 107 is divided by o?
8
Let d = -1188 + 1598. Calculate the remainder when d is divided by 104.
98
Let f(y) = 179*y + 2. Let g be f(3). Suppose -22*r + 390 = -17*r. Calculate the remainder when r is divided by (-6)/(-8) - g/(-28).
18
Let t = 221 - 123. Calculate the remainder when t is divided by (65 + -61)/(2/10).
18
Let r = 712 - 701. What is the remainder when r is divided by 7?
4
Let w(m) = 13*m - 11. Let j be w(8). Let f = 119 - j. What is the remainder when ((-75)/(-4))/(1/4) is divided by f?
23
Let y = 362 + -203. What is the remainder when y is divided by 16?
15
Suppose -2*r - 30 + 146 = 0. Let g(m) = -2*m**3 + 55*m**2 + 93*m - 64. Calculate the remainder when g(29) is divided by r.
52
Let g(w) = -w**3 + 13*w**2 + 46*w + 37. What is the remainder when 10 is divided by g(16)?
0
Let v(h) = 5*h + 57 - 45 - 3*h - h. Let j be (-1 + -1)*(-2 + 4). Calculate the remainder when v(j) is divided by 5.
3
Let v = 35 - 18. Suppose -3*f = -4*h + 1, -5*h + 4*h - 5*f - v = 0. What is the remainder when 18 is divided by h/9 - 94/(-18)?
3
Let q(r) be the second derivative of 3/4*r**4 + 1/20*r**5 - 4*r**2 - 13/6*r**3 + 0 + 6*r. What is the remainder when 87 is divided by q(-10)?
21
Let d = 6 + -6. Suppose d = 5*x + 3*n - 218, n = x + 3*n - 45. Suppose -127 = -5*c + 4*g - 0*g, 2*c + g - x = 0. What is the remainder when c is divided by 12?
11
Let j = -2 - -25. Let v = -6 + j. Calculate the remainder when 84 is divided by v.
16
Let c = -102 - -171. What is the remainder when c is divided by 29?
11
Calculate the remainder when 850 is divided by 690/(-966)*(-64 - -1).
40
Let q(d) = 4*d**2 + 11*d - 16. Calculate the remainder when q(-7) is divided by 22.
15
Suppose -25*y + 750 = -0*y. Calculate the remainder when 50 is divided by y.
20
Suppose -3*i + 7 = -2. Suppose i*g - 25 = 2. Suppose -2*s + p + g - 2 = 0, -2*p + 4 = 5*s. What is the remainder when 7 is divided by s?
1
Suppose 4*l = 7*l - 6. Suppose -l*j - p + 80 = 0, -p - 26 = -3*j + 94. Calculate the remainder when 157 is divided by j.
37
Suppose 5*d = 15, 3*h = -4*d + 52 + 74. Calculate the remainder when h is divided by 20.
18
Suppose o = -4*l + 70, -l + 320 = 5*o + 4*l. Let v(j) = j**2 - 14*j - 19. Let b be v(15). What is the remainder when o is divided by (-1)/2*(-42 + 8/b)?
18
Let x = -30 - -48. Suppose 4*p - 18 - x = 0. Let j(t) = t**2 - 3*t - 12. Calculate the remainder when j(p) is divided by 22.
20
Suppose -5*j - 5*i + 55 = -3*j, -70 = -3*j + 5*i. What is the remainder when j is divided by 15?
10
Let y(q) = q**2 - 5*q - 10. Suppose -4*t + 34 + 6 = 0. What is the remainder when 157 is divided by y(t)?
37
Let i = 16 - 13. Suppose i*c - c - 6 = 0. Suppose -c*s + 0*s = -5*a + 59, 0 = -2*a + 5*s + 35. What is the remainder when a is divided by 3?
1
Suppose 5*k - 114 - 396 = 0. Let b(d) = -2*d**3 + 13*d**2 - 11*d + 15. Calculate the remainder when k is divided by b(5).
32
Suppose 5*f - 2517 = 3*d, -5*f + 2985 = -2*d + 472. What is the remainder when f is divided by 69?
18
Let r = -1722 - -1808. Calculate the remainder when r is divided by 49.
37
Let j = -13 - -38. Let s(d) = d**3 - 11*d**2 + 6*d - 18. What is the remainder when s(12) is divided by j?
23
Let o = 10 + -9. Let c(m) = o + 4*m**3 - 3*m - 2 - 2*m**3 + 6 - m**2. Calculate the remainder when 21 is divided by c(2).
10
Let m(o) = o**3 - 2*o - 6. Let u be m(0). Let l = u - -10. Calculate the remainder when l/(-10) + (-3216)/(-40) is divided by 27.
26
Suppose r - 3*q - 35 = 0, 0 = 22*r - 23*r + 2*q + 33. Suppose 0 = 2*z - 12 - 4. Suppose -z = -x - 0. What is the remainder when r is divided by x?
5
Let f = -13 + -95. Let d be -10*(f/(-15))/(-1). Suppose -g - d = -4*g. What is the remainder when g is divided by 9?
6
Let x(s) = 2*s**2 - 19*s - 6. Let f be x(11). Suppose q - f - 24 = 0. Calculate the remainder when q is divided by 9.
6
Suppose -3101*s + 2952 = -3095*s. What is the remainder when s is divided by 83?
77
Let d(s) = 5*s - 11. Let p be d(4). What is the remainder when 25 is divided by 27/p - (0 - 4)?
4
Suppose 2*h = 5*h + 21. Let f be 508/14 - (-2)/h. Suppose 5*a - a = f. What is the remainder when a is divided by 3?
0
Let t(a) = 27*a**2 - 2*a + 7. Calculate the remainder when t(-4) is divided by 50.
47
Suppose -3*l = 2*f - 100, -f + 125 = 24*l - 20*l. What is the remainder when 139 is divided by l?
19
Suppose -5*a + 2*k + 24 = 4*k, k = -4*a + 21. Let r(s) = -s**2 + 6*s - 7. Let c be r(6). Calculate the remainder when (c + 3)*(-21)/6 is divided by a.
2
Let f(z) = z**3 - z**2 - 9*z + 9. What is the remainder when f(4) is divided by (4 - 3)/((-2)/(-16))?
5
Let i(z) = 2*z + 3 + z**2 - 3*z**2 + z**3 - 7. Let j = 1616 + -1596. What is the remainder when j is divided by i(3)?
9
Let c(k) = -5*k - 41. Let a(d) = -22*d - 165. Let l(v) = 2*a(v) - 9*c(v). What is the remainder when l(-17) is divided by 13?
9
Suppose -b + 0*b - 10 = -5*q, -3*b = -2*q - 35. Let h = 11 + -7. Let a = h - -4. What is the remainder when b is divided by a?
7
Let a(r) = -5*r**3 + r. Let k be a(-4). Let g be (4/(-8))/(2/k). Let u = -26 - g. What is the remainder when u is divided by 14?
11
Suppose -4*g + 91 - 99 = 0. What is the remainder when (-3)/(-6) + (g - (-55)/2) is divided by 11?
4
Suppose -2*k = -3*k + 16. Calculate the remainder when (2124/90)/((-3)/(15/(-2))) is divided by k.
11
Let n = -17 - 38. Let z be 2/(-11) + (-4740)/n. Suppose 5*x - z = 54. What is the remainder when x is divided by 10?
8
Suppose -5*m - 585 = -4*r - 0*m, -4*r + 4*m = -584. Calculate the remainder when r is divided by 25.
20
Let z be 28*((-1)/(-1) + 0). Let r = 45 - z. Suppose 4 - r = -x. Calculate the remainder when 49 is divided by x.
10
Let a = 4024 - 4009. Suppose 5*c = -5*j - 0*c + 85, 5*c + 3 = -j. Calculate the remainder when j is divided by a.
7
Calculate the remainder when 23 is divided by ((-15)/6)/(115/(-598)).
10
Suppose -10289 = -55*r - 2809. What is the remainder when r is divided by 54?
28
Let a = -320 - -397. What is the remainder when a is divided by 21?
14
Let g(u) = -u**3 - 2*u**2 + 13. Let l = -13 + 18. Suppose -l*n - 23 = -63. What is the remainder when g(0) is divided by n?
5
Let c(m) = 15*m**3 + m**2 - m + 1. Let u(f) = f**2 - 19*f + 12. What is the remainder when u(22) is divided by c(1)?
14
Let f(p) = p**2 + 2*p - 1. Suppose 6*j + 406 = -26. Let c = 163 + j. Calculate the remainder when c is divided by f(4).
22
What is the remainder when (4 - (8 + -4)) + 312 is divided by 64?
56
Suppose -30*f - 672 = -44*f. What is the remainder when 765 is divided by f?
45
Suppose 2*h - 2 = 0, 32 = 4*m - 3*h + 491. Let c = m - -62. Let p = c - -95. What is the remainder when p is divided by 23?
20
Let z(k) = 3*k**2 + 7. What is the remainder when z(5) is divided by 21?
19
Suppose -2*t - 3*t + 70 = 0. Let j(q) = -q**3 - 23*q**2 + 2*q - 30. Let g be j(-23). Calculate the remainder when 20/30 + g/(-3) is divided by t.
12
Let o = 436 - 262. Suppose -2*u = 5*j - 6*u - 421, -2*j - 4*u = -o. Calculate the remainder when j is divided by 22.
19
Suppose -r + 775 = 5*l, -7*l + 1534 = 2*r - 5*l. Calculate the remainder when r is divided by 13.
11
Suppose 2*s + 32 = 310. Suppose 5*m = -2*q + 76, 5*q = 6*q - 3*m - 16. Calculate the remainder when s is divided by q.
27
Suppose 3*u - 4*g = 83, -u + 13*g + 30 = 14*g. Calculate the remainder when 46 is divided by u.
17
Let q = 65 + -59. Let t(v) = 4*v - 5. Suppose -p = -4*p + 12. Calculate the remainder when t(p) is divided by